{"id":489,"date":"2023-11-28T09:21:07","date_gmt":"2023-11-28T12:21:07","guid":{"rendered":"https:\/\/colegioecolar.com.br\/?page_id=489"},"modified":"2024-01-13T11:23:28","modified_gmt":"2024-01-13T14:23:28","slug":"equipe-colegio-ecolar","status":"publish","type":"page","link":"https:\/\/colegioecolar.com.br\/?page_id=489","title":{"rendered":"Equipe"},"content":{"rendered":"\t\t<div data-elementor-type=\"wp-page\" data-elementor-id=\"489\" class=\"elementor elementor-489\" data-elementor-post-type=\"page\">\n\t\t\t\t<div class=\"elementor-element elementor-element-61d9b3eb e-flex e-con-boxed e-con e-parent\" data-id=\"61d9b3eb\" data-element_type=\"container\" data-settings=\"{&quot;background_background&quot;:&quot;classic&quot;,&quot;content_width&quot;:&quot;boxed&quot;}\" data-core-v316-plus=\"true\">\n\t\t\t\t\t<div class=\"e-con-inner\">\n\t\t\t\t\t<\/div>\n\t\t\t\t<\/div>\n\t\t<div class=\"elementor-element elementor-element-a35cf9c e-flex e-con-boxed e-con e-parent\" data-id=\"a35cf9c\" data-element_type=\"container\" data-settings=\"{&quot;content_width&quot;:&quot;boxed&quot;}\" data-core-v316-plus=\"true\">\n\t\t\t\t\t<div class=\"e-con-inner\">\n\t\t\t\t<div class=\"elementor-element elementor-element-46c5eb1 elementor-widget elementor-widget-text-editor\" data-id=\"46c5eb1\" data-element_type=\"widget\" data-widget_type=\"text-editor.default\">\n\t\t\t\t<div class=\"elementor-widget-container\">\n\t\t\t<style>\/*! elementor - v3.19.0 - 07-02-2024 *\/\n.elementor-widget-text-editor.elementor-drop-cap-view-stacked .elementor-drop-cap{background-color:#69727d;color:#fff}.elementor-widget-text-editor.elementor-drop-cap-view-framed .elementor-drop-cap{color:#69727d;border:3px solid;background-color:transparent}.elementor-widget-text-editor:not(.elementor-drop-cap-view-default) .elementor-drop-cap{margin-top:8px}.elementor-widget-text-editor:not(.elementor-drop-cap-view-default) .elementor-drop-cap-letter{width:1em;height:1em}.elementor-widget-text-editor .elementor-drop-cap{float:left;text-align:center;line-height:1;font-size:50px}.elementor-widget-text-editor .elementor-drop-cap-letter{display:inline-block}<\/style>\t\t\t\t<p>Os ambientes do Col\u00e9gio Ecolar foram especialmente pensados e desenvolvidos para, al\u00e9m de aconchegantes, serem estimulantes e criativos, atendendo \u00e0s diferentes necessidades e interesses das crian\u00e7as.<\/p><p>Desde a organiza\u00e7\u00e3o at\u00e9 a escolha dos mobili\u00e1rios, foram projetados para garantir seguran\u00e7a, incentivar a autonomia e o desenvolvimento das crian\u00e7as.<\/p><p>Todos os ambientes s\u00e3o favor\u00e1veis \u00e0s situa\u00e7\u00f5es produtivas e l\u00fadicas de aprendizagem, n\u00e3o se restringindo apenas \u00e0s salas de aulas, pois o Col\u00e9gio Ecolar entende que as viv\u00eancias significativas devem acontecer em todo o ambiente escolar (biblioteca, quadra, sala de artes, sala de movimento e espa\u00e7os externos).<\/p>\t\t\t\t\t\t<\/div>\n\t\t\t\t<\/div>\n\t\t\t\t\t<\/div>\n\t\t\t\t<\/div>\n\t\t\t\t<\/div>\n\t\t","protected":false},"excerpt":{"rendered":"<p>Os ambientes do Col\u00e9gio Ecolar foram especialmente pensados e desenvolvidos para, al\u00e9m de aconchegantes, serem estimulantes e criativos, atendendo \u00e0s diferentes necessidades e interesses das crian\u00e7as. Desde a organiza\u00e7\u00e3o at\u00e9 a escolha dos mobili\u00e1rios, foram projetados para garantir seguran\u00e7a, incentivar a autonomia e o desenvolvimento das crian\u00e7as. Todos os ambientes s\u00e3o favor\u00e1veis \u00e0s situa\u00e7\u00f5es produtivas [&hellip;]<\/p>\n","protected":false},"author":5,"featured_media":0,"parent":0,"menu_order":0,"comment_status":"closed","ping_status":"closed","template":"elementor_header_footer","meta":{"footnotes":""},"class_list":["post-489","page","type-page","status-publish","hentry"],"_links":{"self":[{"href":"https:\/\/colegioecolar.com.br\/index.php?rest_route=\/wp\/v2\/pages\/489","targetHints":{"allow":["GET"]}}],"collection":[{"href":"https:\/\/colegioecolar.com.br\/index.php?rest_route=\/wp\/v2\/pages"}],"about":[{"href":"https:\/\/colegioecolar.com.br\/index.php?rest_route=\/wp\/v2\/types\/page"}],"author":[{"embeddable":true,"href":"https:\/\/colegioecolar.com.br\/index.php?rest_route=\/wp\/v2\/users\/5"}],"replies":[{"embeddable":true,"href":"https:\/\/colegioecolar.com.br\/index.php?rest_route=%2Fwp%2Fv2%2Fcomments&post=489"}],"version-history":[{"count":31,"href":"https:\/\/colegioecolar.com.br\/index.php?rest_route=\/wp\/v2\/pages\/489\/revisions"}],"predecessor-version":[{"id":1310,"href":"https:\/\/colegioecolar.com.br\/index.php?rest_route=\/wp\/v2\/pages\/489\/revisions\/1310"}],"wp:attachment":[{"href":"https:\/\/colegioecolar.com.br\/index.php?rest_route=%2Fwp%2Fv2%2Fmedia&parent=489"}],"curies":[{"name":"wp","href":"https:\/\/api.w.org\/{rel}","templated":true}]}}

<div data-elementor-type="wp-page" data-elementor-id="489" class="elementor elementor-489" data-elementor-post-type="page">
				<div class="elementor-element elementor-element-61d9b3eb e-flex e-con-boxed e-con e-parent" data-id="61d9b3eb" data-element_type="container" data-settings="{&quot;background_background&quot;:&quot;classic&quot;,&quot;content_width&quot;:&quot;boxed&quot;}" data-core-v316-plus="true">
					<div class="e-con-inner">
					</div>
				</div>
		<div class="elementor-element elementor-element-a35cf9c e-flex e-con-boxed e-con e-parent" data-id="a35cf9c" data-element_type="container" data-settings="{&quot;content_width&quot;:&quot;boxed&quot;}" data-core-v316-plus="true">
					<div class="e-con-inner">
				<div class="elementor-element elementor-element-46c5eb1 elementor-widget elementor-widget-text-editor" data-id="46c5eb1" data-element_type="widget" data-widget_type="text-editor.default">
				<div class="elementor-widget-container">
			<style>/*! elementor - v3.19.0 - 07-02-2024 */
.elementor-widget-text-editor.elementor-drop-cap-view-stacked .elementor-drop-cap{background-color:#69727d;color:#fff}.elementor-widget-text-editor.elementor-drop-cap-view-framed .elementor-drop-cap{color:#69727d;border:3px solid;background-color:transparent}.elementor-widget-text-editor:not(.elementor-drop-cap-view-default) .elementor-drop-cap{margin-top:8px}.elementor-widget-text-editor:not(.elementor-drop-cap-view-default) .elementor-drop-cap-letter{width:1em;height:1em}.elementor-widget-text-editor .elementor-drop-cap{float:left;text-align:center;line-height:1;font-size:50px}.elementor-widget-text-editor .elementor-drop-cap-letter{display:inline-block}</style>				<p>Os ambientes do Colégio Ecolar foram especialmente pensados e desenvolvidos para, além de aconchegantes, serem estimulantes e criativos, atendendo às diferentes necessidades e interesses das crianças.</p><p>Desde a organização até a escolha dos mobiliários, foram projetados para garantir segurança, incentivar a autonomia e o desenvolvimento das crianças.</p><p>Todos os ambientes são favoráveis às situações produtivas e lúdicas de aprendizagem, não se restringindo apenas às salas de aulas, pois o Colégio Ecolar entende que as vivências significativas devem acontecer em todo o ambiente escolar (biblioteca, quadra, sala de artes, sala de movimento e espaços externos).</p>						</div>
				</div>
					</div>
				</div>
				</div>

<p>Os ambientes do Colégio Ecolar foram especialmente pensados e desenvolvidos para, além de aconchegantes, serem estimulantes e criativos, atendendo às diferentes necessidades e interesses das crianças. Desde a organização até a escolha dos mobiliários, foram projetados para garantir segurança, incentivar a autonomia e o desenvolvimento das crianças. Todos os ambientes são favoráveis às situações produtivas [&hellip;]</p>
