{"id":678,"date":"2023-11-28T14:27:22","date_gmt":"2023-11-28T17:27:22","guid":{"rendered":"https:\/\/colegioecolar.com.br\/?page_id=678"},"modified":"2024-01-13T11:25:24","modified_gmt":"2024-01-13T14:25:24","slug":"tempo-integral-colegio-ecolar","status":"publish","type":"page","link":"https:\/\/colegioecolar.com.br\/?page_id=678","title":{"rendered":"Tempo Integral"},"content":{"rendered":"\t\t<div data-elementor-type=\"wp-page\" data-elementor-id=\"678\" class=\"elementor elementor-678\" data-elementor-post-type=\"page\">\n\t\t\t\t<div class=\"elementor-element elementor-element-13bc8a9a e-flex e-con-boxed e-con e-parent\" data-id=\"13bc8a9a\" data-element_type=\"container\" data-settings=\"{&quot;background_background&quot;:&quot;classic&quot;,&quot;content_width&quot;:&quot;boxed&quot;}\" data-core-v316-plus=\"true\">\n\t\t\t\t\t<div class=\"e-con-inner\">\n\t\t\t\t\t<\/div>\n\t\t\t\t<\/div>\n\t\t<div class=\"elementor-element elementor-element-1f3e50c e-flex e-con-boxed e-con e-parent\" data-id=\"1f3e50c\" data-element_type=\"container\" data-settings=\"{&quot;content_width&quot;:&quot;boxed&quot;}\" data-core-v316-plus=\"true\">\n\t\t\t\t\t<div class=\"e-con-inner\">\n\t\t\t\t<div class=\"elementor-element elementor-element-5ad632a elementor-widget elementor-widget-text-editor\" data-id=\"5ad632a\" data-element_type=\"widget\" data-widget_type=\"text-editor.default\">\n\t\t\t\t<div class=\"elementor-widget-container\">\n\t\t\t<style>\/*! elementor - v3.19.0 - 07-02-2024 *\/\n.elementor-widget-text-editor.elementor-drop-cap-view-stacked .elementor-drop-cap{background-color:#69727d;color:#fff}.elementor-widget-text-editor.elementor-drop-cap-view-framed .elementor-drop-cap{color:#69727d;border:3px solid;background-color:transparent}.elementor-widget-text-editor:not(.elementor-drop-cap-view-default) .elementor-drop-cap{margin-top:8px}.elementor-widget-text-editor:not(.elementor-drop-cap-view-default) .elementor-drop-cap-letter{width:1em;height:1em}.elementor-widget-text-editor .elementor-drop-cap{float:left;text-align:center;line-height:1;font-size:50px}.elementor-widget-text-editor .elementor-drop-cap-letter{display:inline-block}<\/style>\t\t\t\t<p>Para al\u00e9m do convencional: Descubra o hor\u00e1rio integral do Col\u00e9gio Ecolar.<\/p><p>O <strong>Col\u00e9gio Ecolar<\/strong> compreende que a verdadeira aprendizagem vai al\u00e9m das fronteiras da sala de aula convencional. No \u00e2mbito do hor\u00e1rio integral, n\u00e3o apenas ampliamos o tempo de perman\u00eancia dos estudantes no Col\u00e9gio, mas tamb\u00e9m enriquecemos suas jornadas educacionais.<br \/>O diferencial do hor\u00e1rio extendido reside no acompanhamento pedag\u00f3gico, na inclus\u00e3o de aulas de ingl\u00eas como parte integrante do programa. Al\u00e9m disso, oferecemos atividades opcionais, como bal\u00e9 e Karat\u00ea, ampliando as oportunidades para os alunos explorarem seus interesses e talentos individuais.<br \/>A decis\u00e3o de incluir essas atividades reflete nossa compreens\u00e3o do papel vital desempenhado pelas experi\u00eancias extracurriculares no desenvolvimento global dos estudantes. Seja a imers\u00e3o em uma nova l\u00edngua, a dedica\u00e7\u00e3o do bal\u00e9 ou a disciplina do Karat\u00ea, cada atividade \u00e9 projetada para complementar e enriquecer a jornada educacional, proporcionando aos alunos habilidades e perspectivas valiosas para o seu futuro.<br \/>Assim, no <strong>Col\u00e9gio Ecolar<\/strong>, estamos comprometidos em preparar os alunos n\u00e3o apenas para os desafios acad\u00eamicos, mas para uma jornada de descoberta, crescimento e sucesso ao longo de suas vidas.<\/p>\t\t\t\t\t\t<\/div>\n\t\t\t\t<\/div>\n\t\t\t\t\t<\/div>\n\t\t\t\t<\/div>\n\t\t<div class=\"elementor-element elementor-element-f16fb25 e-flex e-con-boxed e-con e-parent\" data-id=\"f16fb25\" data-element_type=\"container\" data-settings=\"{&quot;background_background&quot;:&quot;classic&quot;,&quot;content_width&quot;:&quot;boxed&quot;}\" data-core-v316-plus=\"true\">\n\t\t\t\t\t<div class=\"e-con-inner\">\n\t\t<div class=\"elementor-element elementor-element-7b24be3 e-con-full e-flex e-con e-child\" data-id=\"7b24be3\" data-element_type=\"container\" data-settings=\"{&quot;content_width&quot;:&quot;full&quot;}\">\n\t\t\t\t<div class=\"elementor-element elementor-element-b7e764b elementor-widget elementor-widget-heading\" data-id=\"b7e764b\" data-element_type=\"widget\" data-widget_type=\"heading.default\">\n\t\t\t\t<div class=\"elementor-widget-container\">\n\t\t\t<style>\/*! elementor - v3.19.0 - 07-02-2024 *\/\n.elementor-heading-title{padding:0;margin:0;line-height:1}.elementor-widget-heading .elementor-heading-title[class*=elementor-size-]>a{color:inherit;font-size:inherit;line-height:inherit}.elementor-widget-heading .elementor-heading-title.elementor-size-small{font-size:15px}.elementor-widget-heading .elementor-heading-title.elementor-size-medium{font-size:19px}.elementor-widget-heading .elementor-heading-title.elementor-size-large{font-size:29px}.elementor-widget-heading .elementor-heading-title.elementor-size-xl{font-size:39px}.elementor-widget-heading .elementor-heading-title.elementor-size-xxl{font-size:59px}<\/style><h3 class=\"elementor-heading-title elementor-size-default\">Hor\u00e1rio Integral<\/h3>\t\t<\/div>\n\t\t\t\t<\/div>\n\t\t\t\t<div class=\"elementor-element elementor-element-ddf01a2 elementor-position-left elementor-vertical-align-top elementor-widget elementor-widget-image-box\" data-id=\"ddf01a2\" data-element_type=\"widget\" data-widget_type=\"image-box.default\">\n\t\t\t\t<div class=\"elementor-widget-container\">\n\t\t\t<style>\/*! elementor - v3.19.0 - 07-02-2024 *\/\n.elementor-widget-image-box .elementor-image-box-content{width:100%}@media (min-width:768px){.elementor-widget-image-box.elementor-position-left .elementor-image-box-wrapper,.elementor-widget-image-box.elementor-position-right .elementor-image-box-wrapper{display:flex}.elementor-widget-image-box.elementor-position-right .elementor-image-box-wrapper{text-align:right;flex-direction:row-reverse}.elementor-widget-image-box.elementor-position-left .elementor-image-box-wrapper{text-align:left;flex-direction:row}.elementor-widget-image-box.elementor-position-top .elementor-image-box-img{margin:auto}.elementor-widget-image-box.elementor-vertical-align-top .elementor-image-box-wrapper{align-items:flex-start}.elementor-widget-image-box.elementor-vertical-align-middle .elementor-image-box-wrapper{align-items:center}.elementor-widget-image-box.elementor-vertical-align-bottom .elementor-image-box-wrapper{align-items:flex-end}}@media (max-width:767px){.elementor-widget-image-box .elementor-image-box-img{margin-left:auto!important;margin-right:auto!important;margin-bottom:15px}}.elementor-widget-image-box .elementor-image-box-img{display:inline-block}.elementor-widget-image-box .elementor-image-box-title a{color:inherit}.elementor-widget-image-box .elementor-image-box-wrapper{text-align:center}.elementor-widget-image-box .elementor-image-box-description{margin:0}<\/style><div class=\"elementor-image-box-wrapper\"><figure class=\"elementor-image-box-img\"><img decoding=\"async\" width=\"64\" height=\"64\" src=\"https:\/\/colegioecolar.com.br\/wp-content\/uploads\/2023\/11\/5388698.webp\" class=\"attachment-full size-full wp-image-633\" alt=\"\" \/><\/figure><div class=\"elementor-image-box-content\"><h3 class=\"elementor-image-box-title\">Aula de Ingl\u00eas<\/h3><\/div><\/div>\t\t<\/div>\n\t\t\t\t<\/div>\n\t\t\t\t<\/div>\n\t\t<div class=\"elementor-element elementor-element-466be45 e-con-full e-flex e-con e-child\" data-id=\"466be45\" data-element_type=\"container\" data-settings=\"{&quot;content_width&quot;:&quot;full&quot;}\">\n\t\t\t\t<div class=\"elementor-element elementor-element-5d296f8 elementor-widget elementor-widget-heading\" data-id=\"5d296f8\" data-element_type=\"widget\" data-widget_type=\"heading.default\">\n\t\t\t\t<div class=\"elementor-widget-container\">\n\t\t\t<h3 class=\"elementor-heading-title elementor-size-default\">Hor\u00e1rio Extra Curricular<\/h3>\t\t<\/div>\n\t\t\t\t<\/div>\n\t\t\t\t<div class=\"elementor-element elementor-element-4f6900a elementor-position-left elementor-vertical-align-top elementor-widget elementor-widget-image-box\" data-id=\"4f6900a\" data-element_type=\"widget\" data-widget_type=\"image-box.default\">\n\t\t\t\t<div class=\"elementor-widget-container\">\n\t\t\t<div class=\"elementor-image-box-wrapper\"><figure class=\"elementor-image-box-img\"><img decoding=\"async\" width=\"54\" height=\"54\" src=\"https:\/\/colegioecolar.com.br\/wp-content\/uploads\/2023\/11\/807810.webp\" class=\"attachment-full size-full wp-image-630\" alt=\"\" \/><\/figure><div class=\"elementor-image-box-content\"><h3 class=\"elementor-image-box-title\">Bal\u00e9<\/h3><\/div><\/div>\t\t<\/div>\n\t\t\t\t<\/div>\n\t\t\t\t<div class=\"elementor-element elementor-element-b8ea195 elementor-position-left elementor-vertical-align-top elementor-widget elementor-widget-image-box\" data-id=\"b8ea195\" data-element_type=\"widget\" data-widget_type=\"image-box.default\">\n\t\t\t\t<div class=\"elementor-widget-container\">\n\t\t\t<div class=\"elementor-image-box-wrapper\"><figure class=\"elementor-image-box-img\"><img decoding=\"async\" width=\"54\" height=\"54\" src=\"https:\/\/colegioecolar.com.br\/wp-content\/uploads\/2023\/11\/5252910.webp\" class=\"attachment-full size-full wp-image-632\" alt=\"\" \/><\/figure><div class=\"elementor-image-box-content\"><h3 class=\"elementor-image-box-title\">Karat\u00ea<\/h3><\/div><\/div>\t\t<\/div>\n\t\t\t\t<\/div>\n\t\t\t\t<div class=\"elementor-element elementor-element-febb5c1 elementor-position-left elementor-vertical-align-top elementor-widget elementor-widget-image-box\" data-id=\"febb5c1\" data-element_type=\"widget\" data-widget_type=\"image-box.default\">\n\t\t\t\t<div class=\"elementor-widget-container\">\n\t\t\t<div class=\"elementor-image-box-wrapper\"><figure class=\"elementor-image-box-img\"><img loading=\"lazy\" decoding=\"async\" width=\"54\" height=\"54\" src=\"https:\/\/colegioecolar.com.br\/wp-content\/uploads\/2023\/11\/2402478.webp\" class=\"attachment-full size-full wp-image-631\" alt=\"\" \/><\/figure><div class=\"elementor-image-box-content\"><h3 class=\"elementor-image-box-title\">Dan\u00e7a Popular<\/h3><\/div><\/div>\t\t<\/div>\n\t\t\t\t<\/div>\n\t\t\t\t<\/div>\n\t\t\t\t\t<\/div>\n\t\t\t\t<\/div>\n\t\t\t\t<\/div>\n\t\t","protected":false},"excerpt":{"rendered":"<p>Para al\u00e9m do convencional: Descubra o hor\u00e1rio integral do Col\u00e9gio Ecolar. O Col\u00e9gio Ecolar compreende que a verdadeira aprendizagem vai al\u00e9m das fronteiras da sala de aula convencional. No \u00e2mbito do hor\u00e1rio integral, n\u00e3o apenas ampliamos o tempo de perman\u00eancia dos estudantes no Col\u00e9gio, mas tamb\u00e9m enriquecemos suas jornadas educacionais.O diferencial do hor\u00e1rio extendido reside [&hellip;]<\/p>\n","protected":false},"author":5,"featured_media":0,"parent":0,"menu_order":0,"comment_status":"closed","ping_status":"closed","template":"elementor_header_footer","meta":{"footnotes":""},"class_list":["post-678","page","type-page","status-publish","hentry"],"_links":{"self":[{"href":"https:\/\/colegioecolar.com.br\/index.php?rest_route=\/wp\/v2\/pages\/678","targetHints":{"allow":["GET"]}}],"collection":[{"href":"https:\/\/colegioecolar.com.br\/index.php?rest_route=\/wp\/v2\/pages"}],"about":[{"href":"https:\/\/colegioecolar.com.br\/index.php?rest_route=\/wp\/v2\/types\/page"}],"author":[{"embeddable":true,"href":"https:\/\/colegioecolar.com.br\/index.php?rest_route=\/wp\/v2\/users\/5"}],"replies":[{"embeddable":true,"href":"https:\/\/colegioecolar.com.br\/index.php?rest_route=%2Fwp%2Fv2%2Fcomments&post=678"}],"version-history":[{"count":25,"href":"https:\/\/colegioecolar.com.br\/index.php?rest_route=\/wp\/v2\/pages\/678\/revisions"}],"predecessor-version":[{"id":1313,"href":"https:\/\/colegioecolar.com.br\/index.php?rest_route=\/wp\/v2\/pages\/678\/revisions\/1313"}],"wp:attachment":[{"href":"https:\/\/colegioecolar.com.br\/index.php?rest_route=%2Fwp%2Fv2%2Fmedia&parent=678"}],"curies":[{"name":"wp","href":"https:\/\/api.w.org\/{rel}","templated":true}]}}

<div data-elementor-type="wp-page" data-elementor-id="678" class="elementor elementor-678" data-elementor-post-type="page">
				<div class="elementor-element elementor-element-13bc8a9a e-flex e-con-boxed e-con e-parent" data-id="13bc8a9a" data-element_type="container" data-settings="{&quot;background_background&quot;:&quot;classic&quot;,&quot;content_width&quot;:&quot;boxed&quot;}" data-core-v316-plus="true">
					<div class="e-con-inner">
					</div>
				</div>
		<div class="elementor-element elementor-element-1f3e50c e-flex e-con-boxed e-con e-parent" data-id="1f3e50c" data-element_type="container" data-settings="{&quot;content_width&quot;:&quot;boxed&quot;}" data-core-v316-plus="true">
					<div class="e-con-inner">
				<div class="elementor-element elementor-element-5ad632a elementor-widget elementor-widget-text-editor" data-id="5ad632a" data-element_type="widget" data-widget_type="text-editor.default">
				<div class="elementor-widget-container">
			<style>/*! elementor - v3.19.0 - 07-02-2024 */
.elementor-widget-text-editor.elementor-drop-cap-view-stacked .elementor-drop-cap{background-color:#69727d;color:#fff}.elementor-widget-text-editor.elementor-drop-cap-view-framed .elementor-drop-cap{color:#69727d;border:3px solid;background-color:transparent}.elementor-widget-text-editor:not(.elementor-drop-cap-view-default) .elementor-drop-cap{margin-top:8px}.elementor-widget-text-editor:not(.elementor-drop-cap-view-default) .elementor-drop-cap-letter{width:1em;height:1em}.elementor-widget-text-editor .elementor-drop-cap{float:left;text-align:center;line-height:1;font-size:50px}.elementor-widget-text-editor .elementor-drop-cap-letter{display:inline-block}</style>				<p>Para além do convencional: Descubra o horário integral do Colégio Ecolar.</p><p>O <strong>Colégio Ecolar</strong> compreende que a verdadeira aprendizagem vai além das fronteiras da sala de aula convencional. No âmbito do horário integral, não apenas ampliamos o tempo de permanência dos estudantes no Colégio, mas também enriquecemos suas jornadas educacionais.<br />O diferencial do horário extendido reside no acompanhamento pedagógico, na inclusão de aulas de inglês como parte integrante do programa. Além disso, oferecemos atividades opcionais, como balé e Karatê, ampliando as oportunidades para os alunos explorarem seus interesses e talentos individuais.<br />A decisão de incluir essas atividades reflete nossa compreensão do papel vital desempenhado pelas experiências extracurriculares no desenvolvimento global dos estudantes. Seja a imersão em uma nova língua, a dedicação do balé ou a disciplina do Karatê, cada atividade é projetada para complementar e enriquecer a jornada educacional, proporcionando aos alunos habilidades e perspectivas valiosas para o seu futuro.<br />Assim, no <strong>Colégio Ecolar</strong>, estamos comprometidos em preparar os alunos não apenas para os desafios acadêmicos, mas para uma jornada de descoberta, crescimento e sucesso ao longo de suas vidas.</p>						</div>
				</div>
					</div>
				</div>
		<div class="elementor-element elementor-element-f16fb25 e-flex e-con-boxed e-con e-parent" data-id="f16fb25" data-element_type="container" data-settings="{&quot;background_background&quot;:&quot;classic&quot;,&quot;content_width&quot;:&quot;boxed&quot;}" data-core-v316-plus="true">
					<div class="e-con-inner">
		<div class="elementor-element elementor-element-7b24be3 e-con-full e-flex e-con e-child" data-id="7b24be3" data-element_type="container" data-settings="{&quot;content_width&quot;:&quot;full&quot;}">
				<div class="elementor-element elementor-element-b7e764b elementor-widget elementor-widget-heading" data-id="b7e764b" data-element_type="widget" data-widget_type="heading.default">
				<div class="elementor-widget-container">
			<style>/*! elementor - v3.19.0 - 07-02-2024 */
.elementor-heading-title{padding:0;margin:0;line-height:1}.elementor-widget-heading .elementor-heading-title[class*=elementor-size-]>a{color:inherit;font-size:inherit;line-height:inherit}.elementor-widget-heading .elementor-heading-title.elementor-size-small{font-size:15px}.elementor-widget-heading .elementor-heading-title.elementor-size-medium{font-size:19px}.elementor-widget-heading .elementor-heading-title.elementor-size-large{font-size:29px}.elementor-widget-heading .elementor-heading-title.elementor-size-xl{font-size:39px}.elementor-widget-heading .elementor-heading-title.elementor-size-xxl{font-size:59px}</style><h3 class="elementor-heading-title elementor-size-default">Horário Integral</h3>		</div>
				</div>
				<div class="elementor-element elementor-element-ddf01a2 elementor-position-left elementor-vertical-align-top elementor-widget elementor-widget-image-box" data-id="ddf01a2" data-element_type="widget" data-widget_type="image-box.default">
				<div class="elementor-widget-container">
			<style>/*! elementor - v3.19.0 - 07-02-2024 */
.elementor-widget-image-box .elementor-image-box-content{width:100%}@media (min-width:768px){.elementor-widget-image-box.elementor-position-left .elementor-image-box-wrapper,.elementor-widget-image-box.elementor-position-right .elementor-image-box-wrapper{display:flex}.elementor-widget-image-box.elementor-position-right .elementor-image-box-wrapper{text-align:right;flex-direction:row-reverse}.elementor-widget-image-box.elementor-position-left .elementor-image-box-wrapper{text-align:left;flex-direction:row}.elementor-widget-image-box.elementor-position-top .elementor-image-box-img{margin:auto}.elementor-widget-image-box.elementor-vertical-align-top .elementor-image-box-wrapper{align-items:flex-start}.elementor-widget-image-box.elementor-vertical-align-middle .elementor-image-box-wrapper{align-items:center}.elementor-widget-image-box.elementor-vertical-align-bottom .elementor-image-box-wrapper{align-items:flex-end}}@media (max-width:767px){.elementor-widget-image-box .elementor-image-box-img{margin-left:auto!important;margin-right:auto!important;margin-bottom:15px}}.elementor-widget-image-box .elementor-image-box-img{display:inline-block}.elementor-widget-image-box .elementor-image-box-title a{color:inherit}.elementor-widget-image-box .elementor-image-box-wrapper{text-align:center}.elementor-widget-image-box .elementor-image-box-description{margin:0}</style><div class="elementor-image-box-wrapper"><figure class="elementor-image-box-img"><img decoding="async" width="64" height="64" src="https://colegioecolar.com.br/wp-content/uploads/2023/11/5388698.webp" class="attachment-full size-full wp-image-633" alt="" /></figure><div class="elementor-image-box-content"><h3 class="elementor-image-box-title">Aula de Inglês</h3></div></div>		</div>
				</div>
				</div>
		<div class="elementor-element elementor-element-466be45 e-con-full e-flex e-con e-child" data-id="466be45" data-element_type="container" data-settings="{&quot;content_width&quot;:&quot;full&quot;}">
				<div class="elementor-element elementor-element-5d296f8 elementor-widget elementor-widget-heading" data-id="5d296f8" data-element_type="widget" data-widget_type="heading.default">
				<div class="elementor-widget-container">
			<h3 class="elementor-heading-title elementor-size-default">Horário Extra Curricular</h3>		</div>
				</div>
				<div class="elementor-element elementor-element-4f6900a elementor-position-left elementor-vertical-align-top elementor-widget elementor-widget-image-box" data-id="4f6900a" data-element_type="widget" data-widget_type="image-box.default">
				<div class="elementor-widget-container">
			<div class="elementor-image-box-wrapper"><figure class="elementor-image-box-img"><img decoding="async" width="54" height="54" src="https://colegioecolar.com.br/wp-content/uploads/2023/11/807810.webp" class="attachment-full size-full wp-image-630" alt="" /></figure><div class="elementor-image-box-content"><h3 class="elementor-image-box-title">Balé</h3></div></div>		</div>
				</div>
				<div class="elementor-element elementor-element-b8ea195 elementor-position-left elementor-vertical-align-top elementor-widget elementor-widget-image-box" data-id="b8ea195" data-element_type="widget" data-widget_type="image-box.default">
				<div class="elementor-widget-container">
			<div class="elementor-image-box-wrapper"><figure class="elementor-image-box-img"><img decoding="async" width="54" height="54" src="https://colegioecolar.com.br/wp-content/uploads/2023/11/5252910.webp" class="attachment-full size-full wp-image-632" alt="" /></figure><div class="elementor-image-box-content"><h3 class="elementor-image-box-title">Karatê</h3></div></div>		</div>
				</div>
				<div class="elementor-element elementor-element-febb5c1 elementor-position-left elementor-vertical-align-top elementor-widget elementor-widget-image-box" data-id="febb5c1" data-element_type="widget" data-widget_type="image-box.default">
				<div class="elementor-widget-container">
			<div class="elementor-image-box-wrapper"><figure class="elementor-image-box-img"><img loading="lazy" decoding="async" width="54" height="54" src="https://colegioecolar.com.br/wp-content/uploads/2023/11/2402478.webp" class="attachment-full size-full wp-image-631" alt="" /></figure><div class="elementor-image-box-content"><h3 class="elementor-image-box-title">Dança Popular</h3></div></div>		</div>
				</div>
				</div>
					</div>
				</div>
				</div>

<p>Para além do convencional: Descubra o horário integral do Colégio Ecolar. O Colégio Ecolar compreende que a verdadeira aprendizagem vai além das fronteiras da sala de aula convencional. No âmbito do horário integral, não apenas ampliamos o tempo de permanência dos estudantes no Colégio, mas também enriquecemos suas jornadas educacionais.O diferencial do horário extendido reside [&hellip;]</p>
